ite number?
True
Is 877 prime?
True
Is 1099669 a prime number?
True
Is 480651 composite?
True
Is 93463 composite?
False
Is 35147 prime?
False
Is 652183 prime?
False
Is 11659 a prime number?
False
Is 75103 composite?
True
Is 24031 a prime number?
False
Is 40481 composite?
True
Is 162053 a composite number?
False
Is 12611 a prime number?
True
Is 99989 a prime number?
True
Is 1555 a composite number?
True
Is 35759 prime?
True
Is 2179 a composite number?
False
Is 234967 a composite number?
False
Is 31897 a composite number?
True
Is 481541 composite?
True
Is 111898 a composite number?
True
Is 84359 prime?
False
Is 63097 a composite number?
False
Is 108653 prime?
False
Is 3411137 a composite number?
False
Is 2217 a composite number?
True
Is 12071 a composite number?
False
Is 30662 composite?
True
Is 3247 a prime number?
False
Is 8779 composite?
False
Is 15229 composite?
True
Is 8887 prime?
True
Is 28931 a composite number?
True
Is 107269 prime?
True
Is 37799 composite?
False
Is 18859 a composite number?
False
Is 297779 a composite number?
False
Is 1979339 prime?
True
Is 337081 a composite number?
False
Is 11389 a composite number?
True
Is 470245 composite?
True
Is 53047 a composite number?
False
Is 96001 a composite number?
False
Is 95 composite?
True
Is 274705 composite?
True
Is 10499 a prime number?
True
Is 2037209 a composite number?
False
Is 11126 composite?
True
Is 8147 a prime number?
True
Is 3797 composite?
False
Is 62851 a prime number?
True
Is 153961 composite?
True
Is 33821 a prime number?
False
Is 291 prime?
False
Is 46559 composite?
False
Is 136283 a composite number?
True
Is 2813 a prime number?
False
Is 1046231 composite?
True
Is 14969 prime?
True
Is 80689 a composite number?
True
Is 15047 prime?
False
Is 474659 a prime number?
True
Is 30035 a composite number?
True
Is 57839 prime?
True
Is 8527 prime?
True
Is 16657 composite?
False
Is 3269 prime?
False
Is 59749 composite?
True
Is 3377 a composite number?
True
Is 321527 a prime number?
False
Is 19939 composite?
True
Is 32831 prime?
True
Is 4091 a composite number?
False
Is 11181 a composite number?
True
Is 80617 a composite number?
True
Is 20282 composite?
True
Is 8621 a composite number?
True
Is 7721 prime?
False
Is 29933 a composite number?
True
Is 2230139 composite?
False
Is 135791 a composite number?
True
Is 15487 a composite number?
True
Is 545189 composite?
False
Is 138209 composite?
False
Is 100651 composite?
True
Is 102047 a prime number?
False
Is 134777 composite?
False
Is 926599 a prime number?
False
Is 118297 composite?
False
Is 556111 a composite number?
True
Is 141829 composite?
False
Is 1067137 prime?
True
Is 25043 a prime number?
False
Is 77 a composite number?
True
Is 30599 prime?
False
Is 1762 prime?
False
Is 4535 prime?
False
Is 168395 prime?
False
Is 11027 prime?
True
Is 1949693 a prime number?
False
Is 67103 prime?
True
Is 647909 a prime number?
True
Is 13561 a composite number?
True
Is 4227 prime?
False
Is 31601 composite?
False
Is 129973 a prime number?
False
Is 7103 composite?
False
Is 9917 a composite number?
True
Is 1233179 a prime number?
True
Is 25339 a prime number?
True
Is 49255 a composite number?
True
Is 6638 a composite number?
True
Is 809 prime?
True
Is 1399 a prime number?
True
Is 2811 composite?
True
Is 2053 a composite number?
False
Is 2531 a composite number?
False
Is 70259 a prime number?
False
Is 28637 prime?
False
Is 18329 prime?
True
Is 1457 composite?
True
Is 54313 prime?
False
Is 22094 composite?
True
Is 42647 composite?
True
Is 1367567 prime?
False
Is 18743 prime?
True
Is 1285 a prime number?
False
Is 779507 a prime number?
True
Is 619681 prime?
True
Is 18839 a composite number?
False
Is 856099 a composite number?
False
Is 111541 a composite number?
True
Is 278 a prime number?
False
Is 1623919 prime?
False
Is 1374713 a prime number?
True
Is 3163 prime?
True
Is 52361 composite?
False
Is 491 a prime number?
True
Is 1687 prime?
False
Is 8511 a composite number?
True
Is 432223 prime?
False
Is 1063907 prime?
False
Is 82129 a composite number?
False
Is 10033 a composite number?
True
Is 157229 composite?
False
Is 52033 a composite number?
True
Is 42233 prime?
False
Is 2579305 composite?
True
Is 1343631 prime?
False
Is 478 a prime number?
False
Is 12197 prime?
True
Is 570963 a prime number?
False
Is 45853 prime?
True
Is 27271 composite?
False
Is 3389 a composite number?
False
Is 115 a composite number?
True
Is 1062073 composite?
False
Is 11981 a composite number?
False
Is 1591 a composite number?
True
Is 40577 prime?
True
Is 223 prime?
True
Is 66301 composite?
False
Is 1123051 composite?
False
Is 24671 composite?
False
Is 11801 a composite number?
False
Is 67109 composite?
True
Is 72209 a composite number?
True
Is 170537 a composite number?
False
Is 36871 a prime number?
True
Is 3271 prime?
True
Is 3557 prime?
True
Is 47129 composite?
False
Is 34009 a composite number?
True
Is 35537 a composite number?
False
Is 314399 composite?
False
Is 394673 composite?
False
Is 248743 composite?
True
Is 8219 a composite number?
False
Is 771281 a prime number?
False
Is 114491 a prime number?
False
Is 106837 composite?
True
Is 126993 prime?
False
Is 13613 composite?
False
Is 206399 composite?
False
Is 808517 composite?
False
Is 288551 a composite number?
False
Is 822949 composite?
False
Is 1786667 composite?
False
Is 60595 prime?
False
Is 400727 prime?
False
Is 80329 prime?
True
Is 1231171 a prime number?
True
Is 15949 prime?
False
Is 106651 composite?
True
Is 20861 prime?
False
Is 2983 composite?
True
Is 17231 a composite number?
False
Is 114355 a composite number?
True
Is 3239789 a prime number?
False
Is 406613 prime?
False
Is 751159 prime?
False
Is 96443 prime?
True
Is 17463 a prime number?
False
Is 199742 prime?
False
Is 710741 prime?
False
Is 61703 composite?
False
Is 1163033 prime?
True
Is 76667 composite?
False
Is 27273 a prime number?
False
Is 16613 prime?
False
Is 5189 composite?
False
Is 74123 a prime number?
False
Is 9111 a prime number?
False
Is 73351 a composite number?
False
Is 24207 a composite number?
True
Is 685081 composite?
False
Is 20589 composite?
True
Is 4327 prime?
True
Is 35439 composite?
True
Is 3953 prime?
False
Is 31139 a prime number?
True
Is 84629 composite?
False
Is 34511 a prime number?
True
Is 2659 a prime number?
True
Is 273755 prime?
False
Is 7283 composite?
False
Is 7993 prime?
True
Is 144062 a prime number?
False
Is 292693 composite?
False
Is 3761 a prime number?
True
Is 156121 a composite number?
True
Is 195523 composite?
True
Is 265 a prime number?
False
Is 11027 composite?
False
Is 2358353 a prime number?
True
Is 144701 composite?
False
Is 2722 prime?
False
Is 119717 prime?
False
Is 9985 a composite number?
True
Is 61261 a prime number?
True
Is 37463 a composite number?
False
Is 248939 composite?
True
Is 3809 a prime number?
False
Is 631 a prime number?
True
Is 1554859 prime?
False
Is 224699 composite?
False
Is 1477 prime?
False
Is 245801 a composite number?
True
Is 20701 prime?
False
Is 11159 a prime number?
True
Is 11771 prime?
False
Is 315091 a composite number?
True
Is 3989 a prime number?
True
Is 10891 a prime number?
True
Is 16411 prime?
True
Is 68605 a prime number?
False
Is 173181 a composite number?
True
Is 74065 a composite number?
True
Is 973911 prime?
False
Is 23866 a composite number?
True
Is 432413 prime?
True
Is 368021 a prime number?
True
Is 17833639 composite?
False
Is 80426 prime?
False
Is 24169 a composite number?
False
Is 1022207 a composite number?
True
Is 11686 a prime number?
False
Is 3881 prime?
True
Is 119077 composite?
True
Is 10223 a composite number?
False
Is 1444943 a composite number?
False
Is 414791 a composite number?
True
Is 4637 a composite number?
False
Is 9449 a composite number?
True
Is 7061 prime?
False
Is 8137 a prime number?
False
Is 41467 prime?
True
Is 152734 a prime number?
False
Is 783577 composite?
True
Is 6 composite?
True
Is 43223 composite?
False
Is 18893 a prime number?
False
Is 9793 a composite number?
True
Is 1352389 a prime number?
True
Is 7997 composite?
True
Is 249593 prime?
True
Is 12767 a composite number?
True
Is 8654 a prime number?
False
Is 236549 a prime number?
True
Is 47363 a prime number?
True
Is 14738 composite?
True
Is 6521 a composite number?
False
Is 25301 a